{"id":57,"date":"2020-09-14T09:40:44","date_gmt":"2020-09-14T09:40:44","guid":{"rendered":"http:\/\/gembalczyk.pl\/?page_id=57"},"modified":"2020-09-15T09:00:49","modified_gmt":"2020-09-15T09:00:49","slug":"uslugi-budowlane","status":"publish","type":"page","link":"https:\/\/gembalczyk.pl\/?page_id=57","title":{"rendered":"Us\u0142ugi budowlane"},"content":{"rendered":"\n<div style=\"height:20px\" aria-hidden=\"true\" class=\"wp-block-spacer\"><\/div>\n\n\n\n<p class=\"has-text-align-center has-large-font-size\"><strong><span class=\"has-inline-color has-vivid-red-color\">Us\u0142ugi budowlane<\/span><\/strong><\/p>\n\n\n\n<div style=\"height:20px\" aria-hidden=\"true\" class=\"wp-block-spacer\"><\/div>\n\n\n\n<p><\/p>\n\n\n\n<p class=\"has-text-align-center\" style=\"font-size:28px\"><strong>BUDOWA I ROZBUDOWA DOM\u00d3W<\/strong><br><br><strong>MONTA\u017b POKRY\u0106 DACHOWYCH<br><br>TRANSPORT &#8211; HDS<br><br>WYBURZENIA<br><br>US\u0141UGI KOPARKO-\u0141ADOWARK\u0104<br><br>DEMONTA\u017b AZBESTU<\/strong><\/p>\n","protected":false},"excerpt":{"rendered":"<p>Us\u0142ugi budowlane BUDOWA I ROZBUDOWA DOM\u00d3W MONTA\u017b POKRY\u0106 DACHOWYCH TRANSPORT &#8211; HDS WYBURZENIA US\u0141UGI KOPARKO-\u0141ADOWARK\u0104 DEMONTA\u017b AZBESTU<\/p>\n","protected":false},"author":1,"featured_media":0,"parent":0,"menu_order":0,"comment_status":"closed","ping_status":"closed","template":"","meta":{"advgb_blocks_editor_width":"","advgb_blocks_columns_visual_guide":"","_coblocks_attr":"","_coblocks_dimensions":"","_coblocks_responsive_height":"","_coblocks_accordion_ie_support":""},"_links":{"self":[{"href":"https:\/\/gembalczyk.pl\/index.php?rest_route=\/wp\/v2\/pages\/57"}],"collection":[{"href":"https:\/\/gembalczyk.pl\/index.php?rest_route=\/wp\/v2\/pages"}],"about":[{"href":"https:\/\/gembalczyk.pl\/index.php?rest_route=\/wp\/v2\/types\/page"}],"author":[{"embeddable":true,"href":"https:\/\/gembalczyk.pl\/index.php?rest_route=\/wp\/v2\/users\/1"}],"replies":[{"embeddable":true,"href":"https:\/\/gembalczyk.pl\/index.php?rest_route=%2Fwp%2Fv2%2Fcomments&post=57"}],"version-history":[{"count":14,"href":"https:\/\/gembalczyk.pl\/index.php?rest_route=\/wp\/v2\/pages\/57\/revisions"}],"predecessor-version":[{"id":273,"href":"https:\/\/gembalczyk.pl\/index.php?rest_route=\/wp\/v2\/pages\/57\/revisions\/273"}],"wp:attachment":[{"href":"https:\/\/gembalczyk.pl\/index.php?rest_route=%2Fwp%2Fv2%2Fmedia&parent=57"}],"curies":[{"name":"wp","href":"https:\/\/api.w.org\/{rel}","templated":true}]}}