{"id":12,"date":"2020-09-14T09:15:39","date_gmt":"2020-09-14T09:15:39","guid":{"rendered":"http:\/\/gembalczyk.pl\/?page_id=12"},"modified":"2020-10-12T08:33:14","modified_gmt":"2020-10-12T08:33:14","slug":"o-nas","status":"publish","type":"page","link":"https:\/\/gembalczyk.pl\/?page_id=12","title":{"rendered":"O nas"},"content":{"rendered":"\n<div style=\"height:20px\" aria-hidden=\"true\" class=\"wp-block-spacer\"><\/div>\n\n\n\n<p class=\"has-text-align-center has-vivid-red-color has-text-color has-large-font-size\"><strong>O nas<\/strong><\/p>\n\n\n\n<div style=\"height:20px\" aria-hidden=\"true\" class=\"wp-block-spacer\"><\/div>\n\n\n\n<div class=\"wp-block-columns\">\n<div class=\"wp-block-column\" style=\"flex-basis:25%\"><\/div>\n\n\n\n<div class=\"wp-block-column\" style=\"flex-basis:50%\">\n<p><strong>Pocz\u0105tki firmy si\u0119gaj\u0105 lat dziewi\u0119\u0107dziesi\u0105tych<\/strong>. Zosta\u0142a za\u0142o\u017cona przez ojca obecnego w\u0142a\u015bciciela i dzia\u0142a\u0142a jako warsztat rzemie\u015blniczy \u015bwiadcz\u0105cy us\u0142ugi blacharsko \u2013 dekarskie.<\/p>\n\n\n\n<p><br>Od 2003 roku warsztat zosta\u0142 przej\u0119ty przez syna w\u0142a\u015bciciela \u2013 Jaros\u0142awa, do dzisiaj dzia\u0142a pod nazw\u0105 <strong>US\u0141UGI BUDOWLANE JAROS\u0141AW GEMBALCZYK.<\/strong><\/p>\n\n\n\n<p><br>Na pocz\u0105tku zakres us\u0142ug ogranicza\u0142 si\u0119 do wykonywania pokry\u0107 dachowych. Z biegiem czasu powi\u0119kszy\u0142 si\u0119 o takie us\u0142ugi jak : <strong>budowa oraz rozbudowa dom\u00f3w, wykopy pod wszelkiego rodzaju inwestycje, wyburzanie budynk\u00f3w, us\u0142ugi sprz\u0119tem budowlanym, koparkami, koparko-\u0142adowarkami, d\u017awigiem monta\u017cowym.<\/strong><\/p>\n\n\n\n<p><br>W 2014 roku poszerzyli\u015bmy dzia\u0142alno\u015b\u0107 o <strong>handel materia\u0142ami i kruszywami budowlanymi.<\/strong><br>Nasza kadra sk\u0142ada si\u0119 z kilkunastu wykwalifikowanych pracownik\u00f3w pracuj\u0105cych na budowach, magazynach i w biurze.<\/p>\n<\/div>\n\n\n\n<div class=\"wp-block-column\" style=\"flex-basis:25%\"><\/div>\n<\/div>\n","protected":false},"excerpt":{"rendered":"<p>O nas Pocz\u0105tki firmy si\u0119gaj\u0105 lat dziewi\u0119\u0107dziesi\u0105tych. Zosta\u0142a za\u0142o\u017cona przez ojca obecnego w\u0142a\u015bciciela i dzia\u0142a\u0142a jako warsztat rzemie\u015blniczy \u015bwiadcz\u0105cy us\u0142ugi blacharsko \u2013 dekarskie. Od 2003 roku warsztat zosta\u0142 przej\u0119ty przez syna w\u0142a\u015bciciela \u2013 Jaros\u0142awa, do dzisiaj dzia\u0142a pod nazw\u0105 US\u0141UGI BUDOWLANE JAROS\u0141AW GEMBALCZYK. Na pocz\u0105tku zakres us\u0142ug ogranicza\u0142 si\u0119 do wykonywania pokry\u0107 dachowych. Z biegiem [&hellip;]<\/p>\n","protected":false},"author":1,"featured_media":0,"parent":0,"menu_order":0,"comment_status":"closed","ping_status":"closed","template":"","meta":{"advgb_blocks_editor_width":"","advgb_blocks_columns_visual_guide":"","_coblocks_attr":"","_coblocks_dimensions":"","_coblocks_responsive_height":"","_coblocks_accordion_ie_support":""},"_links":{"self":[{"href":"https:\/\/gembalczyk.pl\/index.php?rest_route=\/wp\/v2\/pages\/12"}],"collection":[{"href":"https:\/\/gembalczyk.pl\/index.php?rest_route=\/wp\/v2\/pages"}],"about":[{"href":"https:\/\/gembalczyk.pl\/index.php?rest_route=\/wp\/v2\/types\/page"}],"author":[{"embeddable":true,"href":"https:\/\/gembalczyk.pl\/index.php?rest_route=\/wp\/v2\/users\/1"}],"replies":[{"embeddable":true,"href":"https:\/\/gembalczyk.pl\/index.php?rest_route=%2Fwp%2Fv2%2Fcomments&post=12"}],"version-history":[{"count":20,"href":"https:\/\/gembalczyk.pl\/index.php?rest_route=\/wp\/v2\/pages\/12\/revisions"}],"predecessor-version":[{"id":388,"href":"https:\/\/gembalczyk.pl\/index.php?rest_route=\/wp\/v2\/pages\/12\/revisions\/388"}],"wp:attachment":[{"href":"https:\/\/gembalczyk.pl\/index.php?rest_route=%2Fwp%2Fv2%2Fmedia&parent=12"}],"curies":[{"name":"wp","href":"https:\/\/api.w.org\/{rel}","templated":true}]}}